 remainder when r is divided by k?
10
What is the remainder when 8 is divided by -6*-2*1/4?
2
Let v = 3 - 0. Suppose -36 = -v*g - 6. Suppose 0*m = -4*m + 72. Calculate the remainder when m is divided by g.
8
Suppose 4*o - 3*o = 0. Let q be -4 + (o - -1 - 1). Let z = 6 + q. What is the remainder when 3 is divided by z?
1
Suppose -5*o - 56 = -211. Suppose -m = 3*r + 1 - o, 188 = 5*m - 4*r. Calculate the remainder when m is divided by 19.
17
Calculate the remainder when (-1724)/(-28) - 8/14 is divided by 31.
30
Let w = -2 + 1. Let j(z) = -2*z + 7. Calculate the remainder when j(0) is divided by (2*w)/2 - -5.
3
Suppose -159 + 126 = -3*y. Calculate the remainder when 52 is divided by y.
8
Let z be 5/(5/8) - 2. Suppose 2*r - z = -2. Suppose 3*y = -3*x + 6, 0 = 2*x - x + 4*y - 5. What is the remainder when r is divided by x?
0
Let p = 5 + -5. Suppose 0 = x - p*x - 4*z - 28, 4 = x + 4*z. What is the remainder when 46 is divided by x?
14
Let w(v) = -v**3 + 8*v**2 - 5*v - 3. Let j = -18 - -39. Calculate the remainder when w(4) is divided by j.
20
Suppose n + k - 1 = 0, n - 2*k + 1 = -4. Calculate the remainder when n/((-1)/20*2) is divided by 6.
4
Let b(f) be the second derivative of -f**5/20 + 5*f**4/12 - f**3/3 - f**2/2 - 5*f. Calculate the remainder when 31 is divided by b(3).
9
Suppose -30 = -5*t + 70. What is the remainder when 79 is divided by t?
19
Let s be 1*14/4*-2. Let b(n) = -n**3 - 8*n**2 - 8*n - 5. Let h be b(s). Suppose -7*y = -h*y - 25. What is the remainder when y is divided by 3?
2
Suppose 36*t - 40*t + 140 = 0. What is the remainder when t is divided by 20?
15
Calculate the remainder when 722/12 - 6/36 is divided by 16.
12
Calculate the remainder when ((-1241)/34)/(1/(-2)) is divided by 15.
13
Suppose -2*b = b + 231. What is the remainder when 28 is divided by 6/(-15) + b/(-5)?
13
Let z = 28 - 13. Calculate the remainder when (-14)/(-77) + (-119)/(-11) is divided by (6 + -1)*12/z.
3
Suppose 0 = -26*f + 3*f + 299. What is the remainder when 270 is divided by f?
10
Let p be (0 - -1)/((-1)/5). Let c(o) = -6*o - 7. Suppose -68 = -5*f - 4*i, 0 = 5*f + i - 2*i - 58. Calculate the remainder when c(p) is divided by f.
11
Suppose u + 4*u - 10 = 0. What is the remainder when 5 is divided by u?
1
Let h be (-8)/(1*3/(-6)). Let i = 1 + h. Calculate the remainder when 65 is divided by i.
14
Let u be 36*(-1)/(-8)*14. Let w = 5 + u. Calculate the remainder when w is divided by 23.
22
Suppose -188 = 15*f - 19*f. Calculate the remainder when f is divided by 6.
5
Suppose 2*a - 182 = -2*o, -3*o + 7*a - 3*a = -238. Suppose -4*y + 68 = 5*v, -4*v = -3*y + v + o. Calculate the remainder when y is divided by 8.
6
Suppose 4*v - 11 = 33. Calculate the remainder when 29 is divided by v.
7
Let b(r) = 2*r + 22. What is the remainder when 125 is divided by b(5)?
29
Let i = 8 - 5. Let z(t) = t - 1. Let d be z(2). Calculate the remainder when 7 is divided by -2 - ((-2)/d - i).
1
Let o(q) = -q**2 + q + 6. Let a be o(0). Calculate the remainder when 60/a + 1 + 0 is divided by 3.
2
Let j = -13 + 127. Calculate the remainder when j is divided by 39.
36
Suppose -12 = 4*b + 92. Let v = b - -40. Calculate the remainder when 36/(-15)*(-90)/4 is divided by v.
12
Suppose 28 = 3*x - x. Calculate the remainder when x is divided by (0 - -1)*(3 - -2).
4
Suppose -4*b + 10 = -0*z + 2*z, 2*z - 10 = b. Let v(o) = -o**3 + 7*o**2 - 4*o - 12. Calculate the remainder when v(z) is divided by 7.
4
Let q = -73 - -84. What is the remainder when 117 is divided by q?
7
Let p(c) = c**3 + 6*c**2 - 2*c - 4. Let q be p(-6). Calculate the remainder when q/(-52) + 318/39 is divided by 5.
3
Let b = 6 + -6. Suppose -3*v - 20 = -5*y, b = -2*y + 2*v + 3 + 1. What is the remainder when y is divided by (4/5)/((-1)/(-5))?
3
Let k(g) = -13*g**3 + g**2 - 1. Let o be 1146/8 - 3/12. Suppose 0 = l + 3*q - 46, o = 4*l + 3*q - 14. Calculate the remainder when l is divided by k(-1).
11
Let n(f) = -f - 2. Let w be n(-6). Suppose w*q - 2 = 3*q. Suppose -3*t = -v + q*v - 11, -5*v - 5*t = -75. Calculate the remainder when v is divided by 6.
5
Let n = -4 - -6. Calculate the remainder when (3 + -4)*(-25 + n) is divided by 6.
5
Suppose 0 = 7*m - 24 - 137. What is the remainder when 42 is divided by m?
19
Suppose -f - 10 + 1 = 0. Let s = 8 - f. Suppose 5*r + 2*x = 19 + 21, -3*r - 5*x + 43 = 0. What is the remainder when s is divided by r?
5
Suppose -2*x = -3*a + 618, 5*a - x - 1030 = x. What is the remainder when a is divided by 52?
50
Let q(k) = -k**3 + 18*k + 11. Let d(w) = 2*w**2 + 2*w - 1. What is the remainder when q(-4) is divided by d(-2)?
0
Suppose -2*f + 23 = -21. Calculate the remainder when 42 is divided by f.
20
Suppose 2*q = -42 + 182. Calculate the remainder when q is divided by 18.
16
Let v = 79 - 46. Calculate the remainder when v is divided by 5.
3
Suppose -4*w + 5*t - 3 = -19, -w + 5*t = 11. What is the remainder when (25 + -20)*(0 + 7) is divided by w?
8
Let d(o) = o + 2. Let g = -2 + 3. Let y = 3 - g. Calculate the remainder when d(0) is divided by y.
0
Calculate the remainder when 28 is divided by 11/88 + (-284)/(-32).
1
Suppose -f + o + 4*o = -19, f = 3*o + 17. What is the remainder when 37 is divided by f?
9
Suppose -4*f - 4 = -8*f. Let w(k) = 5*k**3 + k**2 - 1. Let m = 7 - -1. Calculate the remainder when m is divided by w(f).
3
Let y(b) = -2*b. Let h be y(-1). Suppose -h*z - 18 = -5*z. Let x(v) = -v**2 + 7*v + 7. Calculate the remainder when 38 is divided by x(z).
12
Let a be 1*(-3)/6*6. Let q be (-21)/a - 1/1. Suppose 2*c - q*c + 80 = 0. What is the remainder when c is divided by 7?
6
What is the remainder when 117 is divided by (21/(-28))/((-1)/40)?
27
Let t = -1 + 1. Let v(d) = t + 7 - 4*d + 5*d. What is the remainder when v(-4) is divided by 2?
1
Let s be ((-1)/(-3))/((-1)/(-12)). Suppose 0 = -s*f + f + 39. What is the remainder when f is divided by 5?
3
Suppose 0 = -0*v + 3*v - 5*o + 7, -4*o + 12 = 4*v. Let d be (0/v)/3 + 0. Suppose 0*a - a + 11 = d. What is the remainder when a is divided by 4?
3
Let h(j) = -j - 1. Let n be h(-7). Let a(u) = 2*u - 9. Let b be a(n). What is the remainder when 35 is divided by 2/b - (-34)/3?
11
Suppose -4*c - 34 = -78. Calculate the remainder when c is divided by 4.
3
Let s(m) = 0 - 6 + 1 + 8*m + 3. Calculate the remainder when s(3) is divided by 164/14 - 2/(-7).
10
Let i be -2 + (-2)/5*-5. Suppose i = -3*z - 12, x - 2*z - 36 = 0. Let c(q) = -3*q + 3. What is the remainder when x is divided by c(-4)?
13
Calculate the remainder when (42 - 1) + (-10)/5 is divided by 14.
11
Suppose -70 + 40 = -a. What is the remainder when a is divided by 11?
8
Let l(d) = d**3 + 10*d**2 + 11*d - 7. What is the remainder when l(-8) is divided by 18?
15
Let j = 35 - 27. Calculate the remainder when 28 is divided by j.
4
Suppose -3*b - 3*v + 135 = 0, -4*b - 29 = -5*v - 200. Calculate the remainder when 84 is divided by b.
40
Suppose 4*f - f + 24 = 0. Let y(q) = -q**2 - 7*q - 12. Let c be y(f). Calculate the remainder when 410/18 - c/90 is divided by 13.
10
Suppose 0 = 224*k - 223*k - 68. What is the remainder when k is divided by 9?
5
Suppose -3*m + 0 = 4*t - 51, -3*t = -m + 17. Suppose -4*p - 93 = -361. Calculate the remainder when p is divided by m.
16
Let w(h) = h**2 - 2*h - 4. Let q be 145/30 - (-2)/12. Calculate the remainder when 31 is divided by w(q).
9
Suppose h + 4*x - 31 = 0, -3*h - x + 0*x = -38. Suppose -2*r = -6 + 2. Calculate the remainder when 31 + r + (-2 - 0) is divided by h.
9
Suppose 5*r - 5*w - 70 = 0, 5*r + 2*w = 49 - 14. Calculate the remainder when (-1)/(-3) - (-28)/6 is divided by 29/r - 2/9.
2
Let c = -29 - -43. What is the remainder when 27 is divided by c?
13
Let l(m) = 15*m**2 + m. Let c be l(1). Let j = 35 - c. Calculate the remainder when 37 is divided by j.
18
What is the remainder when 34 is divided by 225/36 + (-2)/8?
4
Suppose 5*b + 363 = 118. Let h = 122 + b. Calculate the remainder when h is divided by 19.
16
Let u = -5 - -3. Let r be (0/u)/(4 + -5). Suppose k - 3*k + 18 = r. Calculate the remainder when 16 is divided by k.
7
Suppose 0 = -2*l - 1 + 5. Calculate the remainder when (-4 - -2)*1 + 30 is divided by 10 - 0*(l - 3).
8
Let n be 120/21 + (-2)/(-7). Let j = 27 + n. What is the remainder when j is divided by 9?
6
Let g(y) = -6 + 3 + 6*y -